e prime factors of 5766927?
3, 17, 73, 1549
List the prime factors of 1379996.
2, 31, 359
List the prime factors of 3799125.
3, 5, 11, 307
What are the prime factors of 192136?
2, 7, 47, 73
What are the prime factors of 14115820?
2, 5, 461, 1531
What are the prime factors of 885436?
2, 41, 5399
What are the prime factors of 1965832?
2, 11, 89, 251
List the prime factors of 124885.
5, 24977
What are the prime factors of 65469?
3, 139, 157
List the prime factors of 6549219.
3, 727691
List the prime factors of 3327457.
7, 475351
What are the prime factors of 2504492?
2, 43, 14561
List the prime factors of 2555307.
3, 31547
List the prime factors of 3389241.
3, 1129747
List the prime factors of 1396986.
2, 3, 157, 1483
List the prime factors of 6177173.
2089, 2957
What are the prime factors of 413447?
31, 13337
What are the prime factors of 23115376?
2, 17, 4999
What are the prime factors of 9075109?
1297, 6997
What are the prime factors of 43982?
2, 21991
What are the prime factors of 2871281?
7, 173, 2371
What are the prime factors of 2884693?
7, 412099
What are the prime factors of 17397146?
2, 13, 669121
What are the prime factors of 1488636?
2, 3, 41351
What are the prime factors of 4796089?
4796089
What are the prime factors of 14562266?
2, 23, 316571
List the prime factors of 6161494.
2, 3080747
What are the prime factors of 1864522?
2, 11, 84751
What are the prime factors of 355984?
2, 19, 1171
What are the prime factors of 2672679?
3, 890893
What are the prime factors of 630993?
3, 11, 19121
List the prime factors of 712642.
2, 7, 109, 467
What are the prime factors of 232099?
7, 71, 467
What are the prime factors of 1755149?
11, 379, 421
List the prime factors of 307175.
5, 11, 1117
List the prime factors of 2830746.
2, 3, 471791
What are the prime factors of 2519515?
5, 37, 13619
List the prime factors of 1145091.
3, 381697
What are the prime factors of 16534516?
2, 23, 53, 3391
List the prime factors of 64700.
2, 5, 647
What are the prime factors of 12579590?
2, 5, 1257959
What are the prime factors of 27162?
2, 3, 503
What are the prime factors of 319582?
2, 159791
What are the prime factors of 17272607?
11, 1570237
What are the prime factors of 2240363?
41, 53, 1031
List the prime factors of 1469516.
2, 23, 15973
What are the prime factors of 1417402?
2, 7, 137, 739
What are the prime factors of 10082234?
2, 23, 149, 1471
What are the prime factors of 2947?
7, 421
List the prime factors of 710030.
2, 5, 19, 37, 101
List the prime factors of 4774045.
5, 191, 4999
What are the prime factors of 617253?
3, 7, 13, 17, 19
What are the prime factors of 424966?
2, 17, 29, 431
What are the prime factors of 25657882?
2, 41, 157, 1993
List the prime factors of 2346440.
2, 5, 58661
List the prime factors of 15747336.
2, 3, 11, 59, 337
What are the prime factors of 5863369?
41, 83, 1723
List the prime factors of 65716.
2, 7, 2347
What are the prime factors of 18860179?
13, 19, 29, 2633
What are the prime factors of 2935758?
2, 3, 7, 69899
List the prime factors of 214824.
2, 3, 8951
What are the prime factors of 1175992?
2, 17, 8647
List the prime factors of 1586773.
1586773
What are the prime factors of 240079?
7, 34297
List the prime factors of 187366.
2, 93683
List the prime factors of 313059.
3, 241, 433
What are the prime factors of 9123727?
293, 31139
What are the prime factors of 233081?
61, 3821
List the prime factors of 950763.
3, 11, 47, 613
List the prime factors of 19681243.
757, 25999
What are the prime factors of 305277?
3, 7, 14537
List the prime factors of 3609932.
2, 902483
List the prime factors of 2509447.
59, 42533
What are the prime factors of 7533?
3, 31
List the prime factors of 70825.
5, 2833
List the prime factors of 1636143.
3, 379, 1439
What are the prime factors of 17387382?
2, 3, 2897897
What are the prime factors of 2131519?
13, 113, 1451
What are the prime factors of 520309?
520309
What are the prime factors of 996170?
2, 5, 7, 19, 107
What are the prime factors of 5612916?
2, 3, 467743
What are the prime factors of 439614?
2, 3, 7, 1163
List the prime factors of 96410.
2, 5, 31, 311
What are the prime factors of 3884767?
3884767
What are the prime factors of 1210671?
3, 7, 11, 1747
What are the prime factors of 2477924?
2, 683, 907
What are the prime factors of 2715003?
3, 59, 5113
List the prime factors of 82907.
11, 7537
List the prime factors of 867794.
2, 269, 1613
What are the prime factors of 849793?
7, 73, 1663
What are the prime factors of 386520?
2, 3, 5, 3221
What are the prime factors of 1987643?
7, 283949
List the prime factors of 1500414.
2, 3, 113, 2213
List the prime factors of 3907333.
31, 241, 523
What are the prime factors of 1834995?
3, 5, 71, 1723
List the prime factors of 105069.
3, 35023
List the prime factors of 2253537.
3, 11, 13, 17, 103
List the prime factors of 1002420.
2, 3, 5, 5569
What are the prime factors of 16559743?
79, 97, 2161
List the prime factors of 280667.
467, 601
What are the prime factors of 12078132?
2, 3, 11, 37, 2473
List the prime factors of 1532951.
7, 218993
What are the prime factors of 480674?
2, 149, 1613
List the prime factors of 91793.
13, 23, 307
What are the prime factors of 294214?
2, 147107
What are the prime factors of 657838?
2, 328919
List the prime factors of 57978.
2, 3, 3221
What are the prime factors of 8176784?
2, 7, 11, 6637
List the prime factors of 953857.
19, 61, 823
List the prime factors of 1561287.
3, 7, 13, 19, 43
List the prime factors of 17416524.
2, 3, 599, 2423
What are the prime factors of 181582?
2, 163, 557
List the prime factors of 335918.
2, 11, 15269
List the prime factors of 932482.
2, 19, 53, 463
What are the prime factors of 603764?
2, 7, 21563
List the prime factors of 12972383.
19, 619, 1103
List the prime factors of 10605746.
2, 499, 10627
List the prime factors of 29472.
2, 3, 307
What are the prime factors of 438533?
438533
What are the prime factors of 12188549?
31, 569, 691
List the prime factors of 78455.
5, 13, 17, 71
What are the prime factors of 5537114?
2, 11, 293, 859
List the prime factors of 2671491.
3, 67, 13291
List the prime factors of 11612131.
79, 146989
What are the prime factors of 12118450?
2, 5, 17, 53, 269
List the prime factors of 3560161.
11, 323651
List the prime factors of 7062272.
2, 7, 563
List the prime factors of 824510.
2, 5, 41, 2011
List the prime factors of 573759.
3, 37, 1723
What are the prime factors of 6189453?
3, 25471
List the prime factors of 257702.
2, 269, 479
List the prime factors of 589297.
589297
List the prime factors of 8065373.
8065373
What are the prime factors of 335685?
3, 5, 7, 23, 139
What are the prime factors of 122441?
11, 11131
List the prime factors of 1907025.
3, 5, 47, 541
List the prime factors of 453479.
13, 34883
List the prime factors of 1275816.
2, 3, 17, 53, 59
What are the prime factors of 135718?
2, 11, 31, 199
What are the prime factors of 986725?
5, 29, 1361
What are the prime factors of 725145?
3, 5, 29, 1667
List the prime factors of 10319.
17, 607
List the prime factors of 570420.
2, 3, 5, 3169
What are the prime factors of 695075?
5, 27803
What are the prime factors of 18401?
18401
List the prime factors of 166686.
2, 3, 13, 2137
List the prime factors of 23595215.
5, 7, 193, 499
List the prime factors of 2049426.
2, 3, 41, 2777
What are the prime factors of 1226752?
2, 599
List the prime factors of 1305861.
3, 435287
What are the prime factors of 1513374?
2, 3, 17, 37, 401
What are the prime factors of 369816?
2, 3, 19, 811
List the prime factors of 146359.
146359
What are the prime factors of 243759?
3, 193, 421
List the prime factors of 361930.
2, 5, 17, 2129
List the prime factors of 308097.
3, 11411
What are the prime factors of 33563485?
5, 6712697
List the prime factors of 1872872.
2, 193, 1213
List the prime factors of 1965344.
2, 61417
What are the prime factors of 887084?
2, 11, 20161
What are the prime factors of 75893?
29, 2617
What are the prime factors of 49007?
7, 7001
List the prime factors of 25721685.
3, 5, 11, 17321
List the prime factors of 853893.
3, 17, 5581
What are the prime factors of 1648990?
2, 5, 7, 23557
What are the prime factors of 15767586?
2, 3, 613, 1429
What are the prime factors of 10537029?
3, 1170781
List the 